rt -11311333 (base 4) to base 13.
-ab82
870 (base 9) to base 8
1307
1102010211 (base 3) to base 4
12302131
Convert 243115 (base 6) to base 11.
15113
What is 433404 (base 5) in base 8?
35006
11024 (base 11) to base 5
1002443
What is -1752 (base 8) in base 4?
-33222
38aa6 (base 12) to base 4
102330132
What is -11c2 (base 13) in base 9?
-3414
-1739 (base 14) to base 6
-31143
What is 113020 (base 4) in base 11?
1126
What is -3ec1 (base 16) in base 9?
-24030
509 (base 10) to base 13
302
What is -1193 (base 11) in base 14?
-7d0
Convert -2ab7 (base 13) to base 12.
-3736
What is -599 (base 12) in base 10?
-837
-415 (base 6) to base 2
-10011011
What is -5710 (base 9) in base 5?
-113341
Convert 1a8 (base 11) to base 7.
461
What is 2242 (base 6) in base 9?
648
Convert 5025 (base 8) to base 2.
101000010101
Convert -114 (base 8) to base 7.
-136
Convert -2002301 (base 4) to base 2.
-10000010110001
What is -22b (base 13) in base 6?
-1423
What is -2122311 (base 4) in base 13?
-4683
-46550 (base 7) to base 15
-3812
57d (base 14) to base 13
65c
-29f (base 16) to base 6
-3035
What is -10303 (base 4) in base 14?
-17d
40432 (base 5) to base 14
d4d
Convert -4a80 (base 11) to base 13.
-3025
13112 (base 4) to base 3
122102
What is 1002120102 (base 3) in base 4?
11100311
What is 1550 (base 7) in base 14?
327
Convert -5055 (base 10) to base 16.
-13bf
16573 (base 9) to base 11
862a
What is -152d (base 16) in base 13?
-2610
What is -10c5 (base 16) in base 14?
-17c9
What is 1a7 (base 15) in base 14?
1d4
891 (base 16) to base 8
4221
Convert -1435 (base 6) to base 10.
-383
What is 421142 (base 5) in base 12?
8082
What is -101210222 (base 3) in base 15?
-2508
Convert 12154 (base 7) to base 6.
22411
Convert -18644 (base 11) to base 12.
-130bb
-5b5 (base 14) to base 3
-1120012
Convert 4986 (base 16) to base 5.
1100242
What is 135 (base 10) in base 9?
160
Convert aa01 (base 16) to base 5.
2343041
51 (base 11) to base 8
70
What is -456 (base 7) in base 6?
-1033
What is -54a4 (base 15) in base 11?
-1251a
204 (base 5) to base 15
39
52e (base 16) to base 8
2456
What is 5c1 (base 13) in base 16?
3ea
What is -6686 (base 11) in base 8?
-21146
-1010110110 (base 2) to base 4
-22312
What is -10121 (base 6) in base 15?
-5ea
-386 (base 11) to base 3
-121221
Convert 722 (base 13) to base 14.
627
What is -11035 (base 8) in base 6?
-33245
What is 321211 (base 5) in base 13?
4bc3
40ae (base 16) to base 4
10002232
-3434 (base 7) to base 13
-752
What is 9893 (base 12) in base 2?
100000110101111
What is 19274 (base 11) in base 4?
12210333
Convert 144 (base 16) to base 6.
1300
Convert 4808 (base 9) to base 15.
10d2
What is -b36 (base 16) in base 8?
-5466
-1555 (base 8) to base 6
-4021
-222424 (base 5) to base 11
-59aa
Convert -1f04 (base 16) to base 9.
-11802
What is d4 (base 16) in base 10?
212
What is 21102 (base 3) in base 12?
148
What is 124323 (base 6) in base 15?
3570
-49a8 (base 16) to base 14
-6c2c
-2222312 (base 4) to base 7
-43610
What is 3531 (base 11) in base 16?
1218
607 (base 8) to base 2
110000111
133423 (base 5) to base 3
21112021
What is c483 (base 13) in base 4?
12220023
-10788 (base 12) to base 6
-245052
What is -eefb (base 16) in base 11?
-41a68
a078 (base 12) to base 10
17372
What is 4671 (base 10) in base 7?
16422
What is 1121010 (base 4) in base 11?
4312
-540 (base 9) to base 15
-1e6
What is 10200 (base 3) in base 6?
243
Convert -2002 (base 6) to base 2.
-110110010
What is 3181 (base 9) in base 8?
4445
What is 1cb0 (base 15) in base 6?
44520
1350 (base 8) to base 15
349
What is -202122202 (base 3) in base 16?
-3ad3
Convert -232 (base 11) to base 13.
-184
-212 (base 5) to base 16
-39
What is 36515 (base 7) in base 12?
5612
-1101200 (base 3) to base 5
-13032
-10b3 (base 14) to base 11
-21a8
What is -59a3 (base 11) in base 6?
-100213
What is -264 (base 10) in base 7?
-525
d787 (base 14) to base 12
1960b
Convert -348 (base 12) to base 6.
-2132
Convert -15433 (base 9) to base 13.
-4a64
What is 143410 (base 5) in base 13?
2a18
-14797 (base 11) to base 12
-10132
Convert -11416 (base 8) to base 5.
-124003
8856 (base 9) to base 6
50123
-42013 (base 5) to base 2
-101011000110
Convert 10111010 (base 2) to base 9.
226
Convert -353121 (base 6) to base 7.
-154636
What is 222110 (base 3) in base 4?
23022
What is 23534 (base 7) in base 16?
17d5
1101 (base 6) to base 4
3331
142004 (base 5) to base 4
1123313
Convert 2247b (base 12) to base 15.
d79e
Convert -32a (base 11) to base 14.
-203
What is -100022 (base 3) in base 13?
-164
Convert 124032 (base 5) to base 14.
1ad6
2061 (base 7) to base 9
1000
Convert 4842 (base 10) to base 5.
123332
Convert 1416 (base 8) to base 6.
3342
What is -1350 (base 6) in base 2?
-101100010
What is 23689 (base 10) in base 12?
11861
What is 12a7 (base 12) in base 4?
201133
Convert 13506 (base 7) to base 12.
2169
What is ad64 (base 14) in base 6?
351124
Convert -91c5 (base 13) to base 4.
-10322013
Convert 1241 (base 7) to base 10.
470
What is -1327 (base 9) in base 15?
-467
What is 33110 (base 4) in base 3?
1100022
Convert 1 (base 6) to base 12.
1
32723 (base 8) to base 3
200220100
What is -1d18 (base 15) in base 5?
-200243
Convert -114053 (base 6) to base 12.
-5929
Convert -153 (base 8) to base 4.
-1223
Convert 10483 (base 9) to base 10.
6960
-1612 (base 12) to base 16
-a2e
What is -1465 (base 14) in base 10?
-3617
Convert -1110110010 (base 2) to base 11.
-790
21571 (base 8) to base 2
10001101111001
What is -100122 (base 7) in base 4?
-10013220
Convert 5010 (base 7) to base 13.
a26
874 (base 14) to base 13
9b6
308a (base 13) to base 12
3a69
What is 3bc (base 15) in base 6?
3540
-1903 (base 14) to base 9
-6162
What is 3705 (base 8) in base 10?
1989
What is -221600 (base 7) in base 9?
-58512
What is -29489 (base 10) in base 13?
-10565
18f8 (base 16) to base 6
45332
Convert -c8 (base 13) to base 11.
-13a
-2003 (base 9) to base 7
-4155
What is 1665 (base 10) in base 11?
1284
Convert -12405 (base 8) to base 9.
-7338
Convert -3215 (base 7) to base 10.
-1139
1ce1 (base 16) to base 7
30361
Convert 619 (base 10) to base 14.
323
What is 1a05 (base 16) in base 4?
1220011
What is 20100122 (base 3) in base 7?
16340
Convert -6215 (base 10) to base 5.
-144330
9c1 (base 13) to base 11
1296
Convert 33739 (base 11) to base 15.
e6da
245 (base 10) to base 12
185
Convert -2a8 (base 16) to base 8.
-1250
11012202 (base 4) to base 2
101000110100010
What is 10000101110111 (base 2) in base 14?
319d
What is -3194 (base 16) in base 15?
-3b62
-5b5c (base 15) to base 16
-4bed
Convert b70 (base 13) to base 6.
13010
Convert -255 (base 6) to base 16.
-6b
-13030 (base 11) to base 9
-27541
-598 (base 11) to base 2
-1011001000
-5304 (base 6) to base 9
-1564
-b9d (base 16) to base 7
-11445
Convert 163 (base 9) to base 12.
b6
12110 (base 7) to base 13
157a
What is 3851 (base 15) in base 9?
17414
Convert -4e16 (base 15) to base 16.
-411f
What is 13330 (base 5) in base 7?
3115
What is 253 (base 15) in base 4?
20100
Convert e61 (base 15) to base 7.
12310
-431 (base 11) to base 12
-372
Convert -1166 (base 7) to base 16.
-1b8
-3743 (base 11) to base 10
-4887
Convert 10002002 (base 3) to base 7.
6353
Convert 10000111110000 (base 2) to base 10.
8688
What is -33310 (base 5) in base 10?
-2330
Convert 523 (base 14) to base 11.
83a
Convert -3011203 (base 4) to base 8.
-30543
-57 (base 16) to base 7
-153
What is 1010012 (base 3) in base 4?
30233
Convert 10000010 (base 2) to base 8.
202
-432 (base 6) to base 3
-20002
Convert 12212021 (base 3) to base 13.
1c39
Convert -4dc (base 14) to base 7.
-2565
What is 1828 (base 9) in base 4?
111323
What is 662 (base 7) in base 9?
415
-d384 (base 14) to base 8
-107030
-21e (base 15) to base 13
-2ab
1493 (base 10) to base 3
2001022
Convert -126401 (base 8) to base 15.
-d1c9
What is -61a5 (base 16) in base 7?
-132610
-1017 (base 11) to base 3
-1211222
Convert 1100100111 (base 2) to base 15.
38c
Convert -6661 (base 10) to base 11.
-5006
Convert 435110 (base 6) to base 8.
106422
Convert -aa (base 14) to base 7.
-303
What is 918 (base 13) in base 8?
3006
Convert -49868 (base 10) to base 11.
-34515
What is -52c (base 14) in base 3?
-1101210
What is 179 (base 12) in base 8?
355
Convert a5d0 (base 16) to base 10.
42448
What is -12112301 (base 4) in base 8?
-62661
Convert 23665 (b